-5 - (-18 - (-13 - 9))?
-48
What is the value of 107 + (58 - 99) + 24?
90
(4 - 0) + -7 + (15 - 2) + 2 + 72
84
What is the value of 0 - (4 + 2 + -4) - -1 - (371 - 439)?
67
Calculate -156 - (-110 + 71 + -59).
-58
What is the value of -45 - 7 - (10 - (13 - -14))?
-35
Calculate (3 - 3) + 6 + 42 + (0 - 1) + 8.
55
What is the value of (13 - 123) + -39 + 77 + -55 + -2 + 4?
-125
What is the value of -51 - ((-29 - -13 - -6) + 3 - (-15 - 1))?
-60
What is the value of (-37 + -36 - (5 + 5 + -16) - -2) + -6?
-71
What is -11 - (50 + -78) - 52?
-35
Calculate 18 + 1 + 29 + (-331 - -189).
-94
Evaluate (152 - 277) + (-7 - (-38 + 5)).
-99
Calculate 8 - -2 - ((-2 - 1) + (27 - (21 + 9))).
16
What is the value of -535 - -509 - (-1 - 0)?
-25
-3 + -61 + 16 + 128
80
What is the value of -6 - (-4 + 9 + -6) - (8 - (10 + -19))?
-22
Evaluate (-23 - -18) + -23 + 6 + 3 + -6.
-25
What is the value of -337 + 333 + (-35 - (-4 - -2))?
-37
What is the value of 8 - ((-59 - 69) + 69)?
67
-79 + 18 - (15 + -2)
-74
What is (-14 + -7 - (18 + -26)) + (6 - 106)?
-113
Calculate (-2 + -16 - ((-14 - 10) + 33)) + -7.
-34
5 + (-1 + 3 - -3) + 0 + 2 + -82
-70
What is the value of -49 + (-27 - -50) - (15 + -2 + -2)?
-37
Calculate ((-9 - 7) + 19 - 21) + -19.
-37
Calculate (6 - 4 - (-2 + 1) - 59) + 5.
-51
Calculate 2 - (-2 + 7) - 8 - (100 + -91).
-20
What is the value of (-57 - (8 + -17)) + 11 + (4 - 4)?
-37
What is the value of 7 - (195 - 90 - 91 - (133 + -1 - 1))?
124
What is 2732 - 2741 - (3 - 10)?
-2
6 + -8 + 12 + 9 - 35
-16
Evaluate -30 + 48 - -4 - -25.
47
What is -8 - -15 - (46 + -44) - -17?
22
Calculate 13 + 2 + -29 + (-101 - -119) + -17.
-13
(2 - -13) + 79 + -81 + -27 + -3 + 11
-6
What is the value of -21 + 56 + 24 + (-3 - -7 - 7)?
56
-2 - ((-51 - 3) + 26)
26
Calculate -18 - ((8 - (3 - -36)) + (-31 - -39)).
5
What is -1 - (-3 - -147) - (38 - (29 + -11 - -21))?
-144
What is -4 - (10 + 2 + -58)?
42
What is the value of -6 - -16 - ((7 - -9 - 10) + 2 + -44)?
46
Evaluate (8 - 8 - 5) + -44 + 52 + 77.
80
Evaluate -5 - (0 - -60 - -53).
-118
What is the value of 17 + 18 - 83 - (0 + -2)?
-46
Evaluate -17 + 53 + 5 + -97 + (8 - 1).
-49
Calculate 0 + 0 + 136 - (-181 - (-33 + -159)).
125
Calculate (-120 - (43 - (10 - 1))) + 28.
-126
(-90 + 2 - 13) + (11 + -19 - 13)
-122
What is 1 + -7 - (-8 - (3 - (-15 - -7)) - -25)?
-12
Evaluate 2247 - 2136 - (31 - (0 + -1)).
79
What is the value of (35 - (39 - -6)) + 11?
1
-14 + (14 - -1) + -122 + 106
-15
What is 105 + -162 + 128 - (29 - 3)?
45
Evaluate (-48 + 25 - 15) + 40.
2
Calculate (11 - 29) + 5 + 16 + -16 - 35.
-48
What is 11 - (-6 + 7 + -4 - -23)?
-9
What is ((10 - 16) + 5 + 6 - 10) + -18?
-23
Evaluate (-13 - 4 - -18) + -5 + (-19 - 84).
-107
What is -902 + 752 - (6 + -20 + -4)?
-132
What is (-21 + 3 + 11 - 7) + 5 - 16?
-25
Evaluate (2890 - 2893) + (-3 - -5) + 0 + 32.
31
Evaluate -10 + -2 - ((51 - 3) + (-22 - (-16 + -6))).
-60
-6 + (47 - 114) + -27
-100
Evaluate -32 + (-16 - -14) + (107 - 52).
21
What is the value of 90 - 0 - (5447 - 5403)?
46
Calculate (124 + -127 - (0 - -7)) + (-3 - 50) + 2.
-61
Evaluate 8 + -3 - ((11 - -7) + 259 + -204).
-68
Calculate 49 + 36 + (1 + -16 - 7).
63
18 - (15 + (-26 - (-18 + 5 + -5)))
11
Evaluate 73 - (130 - 83 - -53).
-27
Evaluate 5 - (13 + -2 - (8 + 2) - (1 - 13)).
-8
Calculate -97 - (37 + 0 + -56 + 31).
-109
What is the value of (-29 - (-3 + (-12 - 12))) + 39?
37
Evaluate (-28 - -8) + 5 + 16 - -16 - 89.
-72
(-35 - -11 - -10) + 6 + 0 + 52
44
Calculate -5 - ((0 - (2 - 0)) + (-13 - -9)).
1
What is -7 - -12 - 11 - (-7 + 64)?
-63
Evaluate 58 - (-78 - -90 - 82).
128
What is the value of (-9 - ((4 + -1 - (22 - 29)) + -19)) + -20?
-20
12 - -1 - 3 - (-4 + 23 + -32)
23
(-22 - -9 - 9) + 3 - 26
-45
What is the value of -1 + -6 - (26 + -74 + 37) - 42?
-38
What is 12 - (-8 - 11) - (-7 + (18 - 1) - 10)?
31
Calculate -8 - (26 + -10 + -10 - (15 - 1)).
0
Evaluate 6 + 7 + -18 + 26 + -32.
-11
What is the value of -6 + 12 + -4 - 16 - -6 - -20?
12
Evaluate -73 + 48 + 2 + 24.
1
Calculate 4 + (-25 - -22) + (72 - 111).
-38
Evaluate -62 + -6 + (45 + (-15 - 9) - 14).
-61
What is the value of -16 - (-27 + (32 - 56))?
35
What is 9 - (6 - (19 + 12 - 4))?
30
Calculate 18 + (-3 + 21 - 41) + -20.
-25
What is (-195 - -183) + (82 - 29)?
41
90 + (-79 - -9) + -97
-77
Calculate -25 - (50 - 12 - 29).
-34
Evaluate -1 - (3 + -15) - ((-18 - -16) + 14) - -40.
39
95 - (4 + -9 + (-7 - -2) + (-12 - -20))
97
What is the value of -21 - ((-1 - -45) + -22 - -21)?
-64
8 - (-17 - -34) - -44
35
What is the value of -9 + 12 + -5 + 8 + 7 - 2?
11
8 + (16 + 14 + -5 + -26 - (11 - 0))
-4
-17 - (-21 - -31 - (24 - 20))
-23
Calculate (-1 + -1 - -8) + (110 - 111) - (84 - 159).
80
Calculate -70 - (-55 - -52 - -21).
-88
-856 + 884 + -2 + -49
-23
Evaluate (0 - (8 - -1 - 10)) + -5 + -20.
-24
What is the value of 118 + (-47 - 91) - (1 - 131)?
110
0 + -30 - (14 + -11 + -8 + 24)
-49
Calculate -1 + -6 + 11 + (-16 - 23).
-35
(-7 - (-78 + 17)) + -68
-14
What is the value of -45 + (73 + 29 - 46)?
11
Calculate 33 + 43 + -21 + -29.
26
What is the value of (2 - -2 - (13 - (-4 + (17 - 7)))) + -10?
-13
Evaluate 2 + -37 - (-78 + 6 - -47).
-10
What is (-36 + 6 - 84) + 88?
-26
What is the value of -16 - (0 + -38 + -27) - 34?
15
What is the value of 1 - (0 + 0) - (329 + -436 - -214)?
-106
What is the value of (20487 - 20549) + 1 + (2 - 1)?
-60
What is -39 + -35 + 214 - 51?
89
-22 + (-16 - (0 - (10 - 8)))
-36
What is (110 - 5 - -1) + (9 - 5) + (-5 - 1)?
104
Calculate -7 + -2 + (-95 - -1 - ((-31 - 57) + 110)).
-125
Evaluate -66 + 55 - (-1 + -2) - (-9 - 7) - 54.
-46
Calculate 26893 - 26726 - (-1 + 93).
75
Evaluate 57 + -56 + 14 + 7.
22
(110 - -6) + -4 + 7 + 65 + -53
131
Calculate (5 + 1 - (0 - 3)) + (-271 - -352).
90
What is (1 - 3 - (-5 - 0)) + (-53 + 146 - 40)?
56
What is the value of -11942 + 11931 + 0 + -19?
-30
Calculate (11 - (2 + 4 + (1 - 4))) + (351 - 499).
-140
What is the value of -18 + -13 + (15 - 16) + -14 + 27?
-19
What is 3 + -9 - (1 - 1) - (-25 + 60 - 48)?
7
What is 18 - (-1 - (-23 + 11)) - (-2 - 6 - 53)?
68
What is the value of 1 + (-79 - (-10 + 31 + -11 + -16))?
-72
What is the value of -10 + -6 + 21 - (-2 - -4) - 13?
-10
What is (17 - (22 - -30)) + 21?
-14
-11551 + 11587 - (9 - (-1 - -2))
28
(-2 - 29) + 4 + (21 - 5 - 11)
-22
Calculate 47 + 4 + (-11 - -2) + 257 + -255.
44
Evaluate 22 + (-162 + 64 - -9).
-67
35 - (67 - 17 - -52)
-67
(5 - 2) + -2 - -9 - (1612 - 1607)
5
Calculate 82 + -10 - (-1 + 7 + 1 + 1 + 1).
63
Evaluate -90 + -20 + 19 + (28 - -3).
-60
Evaluate -368 - -364 - ((-18 - 11) + -1).
26
What is (31 - (2 - (-21 - 5))) + 98?
101
What is (-1 + -63 - -69) + (1 - (0 - -1) - -14)?
19
What is the value of (2 - -26) + -1 - (-58 + 24 - -23)?
38
1 + -17 + (-96 - -63) + (22 - -5)
-22
-119 + (-2 + 6 - (6 - -3)) + 11 + -12
-125
What is 3 + -62 - (468 - 535)?
8
What is the value of (3 - 1) + -51 + 48 + -11 + -4 + -3?
-19
-2 - (-19 - -2) - 3 - (1750 + -1741)
3
51 - 12 - 110 - (-6 + (4 - 5) + -1)
-63
Evaluate -65 + (13 - 9 - (10 + -4)) + 34 + -40.
-73
Evaluate 1 + 1 - (1916 - 1953).
39
What is the value of (5 - -100) + (-8 - 37)?
60
What is 3 - (-5 - (20 + -7 + 11 + -7 + -6))?
19
Evaluate (136 - -19) + -83 - -17.
89
What is the value of (17 - 9) + (-128 - -84 - (-1 - 3))?
-32
(-14 - -37) + (-60 - -68) + (-1 - (-4 + 0))
34
Evaluate (-5 - -11) + 2 - (-58 + (19 - 22) + 21).
48
Evaluate (-24 - (75 + (-10 - 16))) + -2.
-75
What is the value of (-13 + 0 - (-645 - -632)) + (-1 - 51)?
-52
What is -36 - (18 - ((-32 - -42) + -39))?
-83
Evaluate 19 + (26 - -57 - 77).
25
What is (-31 - -78 - 29) + -1 + 20?
37
Evaluate 61 + (-7 + -3 - ((-10 - 1) + 18)).
44
What is (25 - 24) + (20 - 70) - 0?
-49
Evaluate -705 + 688 + 0 + 3 + -25.
-39
What is -133 + 226 + 9 - (6 + 3 + -5)?
98
Evaluate 8 - 1 - (507 + -490) - -15.
5
Calculate 725 - (792 - 96) - (1 - (-5 + 0)).
23
What is the value of 39 - -1 - (8 + 7 + (-11 - 9))?
45
What is -26 + -24 + 31 - (-10 + 24 + 3)?
-36
Evaluate -73 - (-90 + 93 + 3 + 0 + (15 - 18)).
-76
What is the value of 14 + 21 + -34 + 0 + -3 + 20 + 2?
20
Evaluate 139 + -88 + (31 - 85).
-3
Evaluate -1 + 1 - (-100 - -2) - (-430 - (152 - 576)).
104
What is the value of (0 - 9) + (145 - 147) + (34 - 0) - -1?
24
8 - ((9 - 4) + 8) - 53
-58
What is 17 - (46 + -120 - -51)?
40
(37 - (96 - -6 - 33)) + 31
-1
-